{"id":1264,"date":"2023-07-31T10:01:31","date_gmt":"2023-07-31T08:01:31","guid":{"rendered":"https:\/\/laplattea.com\/?page_id=1264"},"modified":"2023-07-31T10:01:31","modified_gmt":"2023-07-31T08:01:31","slug":"politica-de-accesibilidad","status":"publish","type":"page","link":"https:\/\/laplattea.com\/en\/politica-de-accesibilidad\/","title":{"rendered":"Pol\u00edtica de Accesibilidad"},"content":{"rendered":"<p>La Plattea se ha comprometido a hacer accesibles sus sitios web, de conformidad con el Real Decreto 1112\/2018, de 7 de septiembre, sobre accesibilidad de los sitios web y aplicaciones para dispositivos m\u00f3viles del sector p\u00fablico, por la que se traspone al ordenamiento jur\u00eddico espa\u00f1ol la Directiva (UE) 2016\/2102 del Parlamento Europeo y del Consejo.<\/p>\n\n\n\n<p>La presente declaraci\u00f3n de accesibilidad se aplica al portal https:\/\/laplattea.com\/<\/p>\n\n\n\n<p>Situaci\u00f3n de cumplimiento<br>Este sitio web es parcialmente conforme con el RD 1112\/2018 debido a las excepciones y a la falta de conformidad de los aspectos que se indican a continuaci\u00f3n.<\/p>\n\n\n\n<p>Contenido no accesible<br>El contenido que se recoge a continuaci\u00f3n no es accesible por lo siguiente:<\/p>\n\n\n\n<p>Falta de conformidad con el RD 1112\/2018<br>Debido a la automatizaci\u00f3n de algunas de las publicaciones podr\u00edan existir p\u00e1ginas con un incorrecto anidamiento de etiquetas HTML.<br>Podr\u00edan existir fallos puntuales de edici\u00f3n en alguna p\u00e1gina web.<\/p>\n\n\n\n<p>Carga desproporcionada<br>No aplica.<\/p>\n\n\n\n<p>Contenido que no entra dentro del \u00e1mbito de la legislaci\u00f3n aplicable<br>Archivos ofim\u00e1ticos en PDF u otros formatos, as\u00ed como aplicaciones publicadas antes del 20 de septiembre de 2018 que no cumplan en su totalidad todos los requisitos de accesibilidad.<br>Servicios de mapa y cartograf\u00eda en l\u00ednea.<br>Preparaci\u00f3n de la presente declaraci\u00f3n de accesibilidad<\/p>\n\n\n\n<p>La fecha de la \u00faltima revisi\u00f3n ha sido el 15 de mayo de 2023<\/p>\n\n\n\n<p>Observaciones y datos de contacto<br>Puede realizar comunicaciones sobre requisitos de accesibilidad (art\u00edculo 10.2 del RD 1112\/2018) como por ejemplo:<\/p>\n\n\n\n<p>informar sobre cualquier posible incumplimiento por parte de este sitio web<br>transmitir otras dificultades de acceso al contenido<br>formular cualquier otra consulta o sugerencia de mejora relativa a la accesibilidad del sitio web<br>a trav\u00e9s del formulario de contacto de este sitio web.<\/p>\n\n\n\n<p>Procedimiento de aplicaci\u00f3n<br>Se pondr\u00e1 en marcha un procedimiento de aplicaci\u00f3n adecuado y eficaz al que debe recurrirse en caso de que la respuesta a la comunicaci\u00f3n o a la solicitud sea insatisfactoria. [Pendiente]<\/p>\n\n\n\n<p>Contenido opcional<br>Este sitio web:<\/p>\n\n\n\n<p>Se ha dise\u00f1ado adapt\u00e1ndose a los est\u00e1ndares y normativas vigentes en relaci\u00f3n a la accesibilidad, cumpliendo con los puntos de verificaci\u00f3n de prioridad 2 (AA) definidos en la especificaci\u00f3n de Pautas de Accesibilidad al Contenido en la Web (WCAG 2.1).<br>Cumple con los requisitos de la Norma UNE-EN 301549 v1.1.2:2015, considerando las excepciones del Real Decreto 1112\/2018.<br>Est\u00e1 dise\u00f1ado para su correcta visualizaci\u00f3n en dispositivos de escritorio, tablet y m\u00f3viles para una resoluci\u00f3n m\u00ednima de 1280\u00d71024.<br>Se ha realizado utilizando HTML5 como lenguaje de marcado y hojas de estilo CSS 3 para su dise\u00f1o.<br>Est\u00e1 dise\u00f1ado para su uso con javascript no intrusivo ofreciendo, en el caso de que su navegador no lo soporte, su correspondiente alternativa no javascript.<\/p>","protected":false},"excerpt":{"rendered":"<p>La Plattea se ha comprometido a hacer accesibles sus sitios web, de conformidad con el Real Decreto 1112\/2018, de 7 de septiembre, sobre accesibilidad de los sitios web y aplicaciones para dispositivos m\u00f3viles del sector p\u00fablico, por la que se traspone al ordenamiento jur\u00eddico espa\u00f1ol la Directiva (UE) 2016\/2102 del Parlamento Europeo y del Consejo.&hellip;&nbsp;<a href=\"https:\/\/laplattea.com\/en\/politica-de-accesibilidad\/\" class=\"\" rel=\"bookmark\">Read More &raquo;<span class=\"screen-reader-text\">Pol\u00edtica de Accesibilidad<\/span><\/a><\/p>","protected":false},"author":1,"featured_media":0,"parent":0,"menu_order":0,"comment_status":"closed","ping_status":"closed","template":"","meta":{"neve_meta_sidebar":"","neve_meta_container":"","neve_meta_enable_content_width":"","neve_meta_content_width":0,"neve_meta_title_alignment":"","neve_meta_author_avatar":"","neve_post_elements_order":"","neve_meta_disable_header":"","neve_meta_disable_footer":"","neve_meta_disable_title":"","neve_meta_reading_time":"","footnotes":""},"class_list":["post-1264","page","type-page","status-publish","hentry"],"yoast_head":"<!-- This site is optimized with the Yoast SEO Premium plugin v20.9 (Yoast SEO v23.4) - https:\/\/yoast.com\/wordpress\/plugins\/seo\/ -->\n<title>Pol\u00edtica de Accesibilidad - La Plattea<\/title>\n<meta name=\"description\" content=\"Cafeter\u00eda vintage en Gij\u00f3n. D\u00e9jate cautivar por el encanto de nuestro ambiente retro mientras saboreas exquisitos caf\u00e9s y deliciosos postres.\" \/>\n<meta name=\"robots\" content=\"index, follow, max-snippet:-1, max-image-preview:large, max-video-preview:-1\" \/>\n<link rel=\"canonical\" href=\"https:\/\/laplattea.com\/en\/politica-de-accesibilidad\/\" \/>\n<meta property=\"og:locale\" content=\"en_US\" \/>\n<meta property=\"og:type\" content=\"article\" \/>\n<meta property=\"og:title\" content=\"Pol\u00edtica de Accesibilidad\" \/>\n<meta property=\"og:description\" content=\"Cafeter\u00eda vintage en Gij\u00f3n. D\u00e9jate cautivar por el encanto de nuestro ambiente retro mientras saboreas exquisitos caf\u00e9s y deliciosos postres.\" \/>\n<meta property=\"og:url\" content=\"https:\/\/laplattea.com\/en\/politica-de-accesibilidad\/\" \/>\n<meta property=\"og:site_name\" content=\"La Plattea\" \/>\n<meta name=\"twitter:card\" content=\"summary_large_image\" \/>\n<meta name=\"twitter:label1\" content=\"Est. reading time\" \/>\n\t<meta name=\"twitter:data1\" content=\"3 minutes\" \/>\n<script type=\"application\/ld+json\" class=\"yoast-schema-graph\">{\"@context\":\"https:\/\/schema.org\",\"@graph\":[{\"@type\":\"WebPage\",\"@id\":\"https:\/\/laplattea.com\/politica-de-accesibilidad\/\",\"url\":\"https:\/\/laplattea.com\/politica-de-accesibilidad\/\",\"name\":\"Pol\u00edtica de Accesibilidad - La Plattea\",\"isPartOf\":{\"@id\":\"https:\/\/laplattea.com\/#website\"},\"datePublished\":\"2023-07-31T08:01:31+00:00\",\"dateModified\":\"2023-07-31T08:01:31+00:00\",\"description\":\"Cafeter\u00eda vintage en Gij\u00f3n. D\u00e9jate cautivar por el encanto de nuestro ambiente retro mientras saboreas exquisitos caf\u00e9s y deliciosos postres.\",\"breadcrumb\":{\"@id\":\"https:\/\/laplattea.com\/politica-de-accesibilidad\/#breadcrumb\"},\"inLanguage\":\"en-US\",\"potentialAction\":[{\"@type\":\"ReadAction\",\"target\":[\"https:\/\/laplattea.com\/politica-de-accesibilidad\/\"]}]},{\"@type\":\"BreadcrumbList\",\"@id\":\"https:\/\/laplattea.com\/politica-de-accesibilidad\/#breadcrumb\",\"itemListElement\":[{\"@type\":\"ListItem\",\"position\":1,\"name\":\"Portada\",\"item\":\"https:\/\/laplattea.com\/\"},{\"@type\":\"ListItem\",\"position\":2,\"name\":\"Pol\u00edtica de Accesibilidad\"}]},{\"@type\":\"WebSite\",\"@id\":\"https:\/\/laplattea.com\/#website\",\"url\":\"https:\/\/laplattea.com\/\",\"name\":\"La Plattea\",\"description\":\"Just another WordPress site\",\"potentialAction\":[{\"@type\":\"SearchAction\",\"target\":{\"@type\":\"EntryPoint\",\"urlTemplate\":\"https:\/\/laplattea.com\/?s={search_term_string}\"},\"query-input\":{\"@type\":\"PropertyValueSpecification\",\"valueRequired\":true,\"valueName\":\"search_term_string\"}}],\"inLanguage\":\"en-US\"}]}<\/script>\n<!-- \/ Yoast SEO Premium plugin. -->","yoast_head_json":{"title":"Pol\u00edtica de Accesibilidad - La Plattea","description":"Cafeter\u00eda vintage en Gij\u00f3n. D\u00e9jate cautivar por el encanto de nuestro ambiente retro mientras saboreas exquisitos caf\u00e9s y deliciosos postres.","robots":{"index":"index","follow":"follow","max-snippet":"max-snippet:-1","max-image-preview":"max-image-preview:large","max-video-preview":"max-video-preview:-1"},"canonical":"https:\/\/laplattea.com\/en\/politica-de-accesibilidad\/","og_locale":"en_US","og_type":"article","og_title":"Pol\u00edtica de Accesibilidad","og_description":"Cafeter\u00eda vintage en Gij\u00f3n. D\u00e9jate cautivar por el encanto de nuestro ambiente retro mientras saboreas exquisitos caf\u00e9s y deliciosos postres.","og_url":"https:\/\/laplattea.com\/en\/politica-de-accesibilidad\/","og_site_name":"La Plattea","twitter_card":"summary_large_image","twitter_misc":{"Est. reading time":"3 minutes"},"schema":{"@context":"https:\/\/schema.org","@graph":[{"@type":"WebPage","@id":"https:\/\/laplattea.com\/politica-de-accesibilidad\/","url":"https:\/\/laplattea.com\/politica-de-accesibilidad\/","name":"Pol\u00edtica de Accesibilidad - La Plattea","isPartOf":{"@id":"https:\/\/laplattea.com\/#website"},"datePublished":"2023-07-31T08:01:31+00:00","dateModified":"2023-07-31T08:01:31+00:00","description":"Cafeter\u00eda vintage en Gij\u00f3n. D\u00e9jate cautivar por el encanto de nuestro ambiente retro mientras saboreas exquisitos caf\u00e9s y deliciosos postres.","breadcrumb":{"@id":"https:\/\/laplattea.com\/politica-de-accesibilidad\/#breadcrumb"},"inLanguage":"en-US","potentialAction":[{"@type":"ReadAction","target":["https:\/\/laplattea.com\/politica-de-accesibilidad\/"]}]},{"@type":"BreadcrumbList","@id":"https:\/\/laplattea.com\/politica-de-accesibilidad\/#breadcrumb","itemListElement":[{"@type":"ListItem","position":1,"name":"Portada","item":"https:\/\/laplattea.com\/"},{"@type":"ListItem","position":2,"name":"Pol\u00edtica de Accesibilidad"}]},{"@type":"WebSite","@id":"https:\/\/laplattea.com\/#website","url":"https:\/\/laplattea.com\/","name":"La Plattea","description":"Just another WordPress site","potentialAction":[{"@type":"SearchAction","target":{"@type":"EntryPoint","urlTemplate":"https:\/\/laplattea.com\/?s={search_term_string}"},"query-input":{"@type":"PropertyValueSpecification","valueRequired":true,"valueName":"search_term_string"}}],"inLanguage":"en-US"}]}},"_links":{"self":[{"href":"https:\/\/laplattea.com\/en\/wp-json\/wp\/v2\/pages\/1264","targetHints":{"allow":["GET"]}}],"collection":[{"href":"https:\/\/laplattea.com\/en\/wp-json\/wp\/v2\/pages"}],"about":[{"href":"https:\/\/laplattea.com\/en\/wp-json\/wp\/v2\/types\/page"}],"author":[{"embeddable":true,"href":"https:\/\/laplattea.com\/en\/wp-json\/wp\/v2\/users\/1"}],"replies":[{"embeddable":true,"href":"https:\/\/laplattea.com\/en\/wp-json\/wp\/v2\/comments?post=1264"}],"version-history":[{"count":1,"href":"https:\/\/laplattea.com\/en\/wp-json\/wp\/v2\/pages\/1264\/revisions"}],"predecessor-version":[{"id":1266,"href":"https:\/\/laplattea.com\/en\/wp-json\/wp\/v2\/pages\/1264\/revisions\/1266"}],"wp:attachment":[{"href":"https:\/\/laplattea.com\/en\/wp-json\/wp\/v2\/media?parent=1264"}],"curies":[{"name":"wp","href":"https:\/\/api.w.org\/{rel}","templated":true}]}}

Política de Accesibilidad

<p>La Plattea se ha comprometido a hacer accesibles sus sitios web, de conformidad con el Real Decreto 1112/2018, de 7 de septiembre, sobre accesibilidad de los sitios web y aplicaciones para dispositivos móviles del sector público, por la que se traspone al ordenamiento jurídico español la Directiva (UE) 2016/2102 del Parlamento Europeo y del Consejo.</p>



<p>La presente declaración de accesibilidad se aplica al portal https://laplattea.com/</p>



<p>Situación de cumplimiento<br>Este sitio web es parcialmente conforme con el RD 1112/2018 debido a las excepciones y a la falta de conformidad de los aspectos que se indican a continuación.</p>



<p>Contenido no accesible<br>El contenido que se recoge a continuación no es accesible por lo siguiente:</p>



<p>Falta de conformidad con el RD 1112/2018<br>Debido a la automatización de algunas de las publicaciones podrían existir páginas con un incorrecto anidamiento de etiquetas HTML.<br>Podrían existir fallos puntuales de edición en alguna página web.</p>



<p>Carga desproporcionada<br>No aplica.</p>



<p>Contenido que no entra dentro del ámbito de la legislación aplicable<br>Archivos ofimáticos en PDF u otros formatos, así como aplicaciones publicadas antes del 20 de septiembre de 2018 que no cumplan en su totalidad todos los requisitos de accesibilidad.<br>Servicios de mapa y cartografía en línea.<br>Preparación de la presente declaración de accesibilidad</p>



<p>La fecha de la última revisión ha sido el 15 de mayo de 2023</p>



<p>Observaciones y datos de contacto<br>Puede realizar comunicaciones sobre requisitos de accesibilidad (artículo 10.2 del RD 1112/2018) como por ejemplo:</p>



<p>informar sobre cualquier posible incumplimiento por parte de este sitio web<br>transmitir otras dificultades de acceso al contenido<br>formular cualquier otra consulta o sugerencia de mejora relativa a la accesibilidad del sitio web<br>a través del formulario de contacto de este sitio web.</p>



<p>Procedimiento de aplicación<br>Se pondrá en marcha un procedimiento de aplicación adecuado y eficaz al que debe recurrirse en caso de que la respuesta a la comunicación o a la solicitud sea insatisfactoria. [Pendiente]</p>



<p>Contenido opcional<br>Este sitio web:</p>



<p>Se ha diseñado adaptándose a los estándares y normativas vigentes en relación a la accesibilidad, cumpliendo con los puntos de verificación de prioridad 2 (AA) definidos en la especificación de Pautas de Accesibilidad al Contenido en la Web (WCAG 2.1).<br>Cumple con los requisitos de la Norma UNE-EN 301549 v1.1.2:2015, considerando las excepciones del Real Decreto 1112/2018.<br>Está diseñado para su correcta visualización en dispositivos de escritorio, tablet y móviles para una resolución mínima de 1280×1024.<br>Se ha realizado utilizando HTML5 como lenguaje de marcado y hojas de estilo CSS 3 para su diseño.<br>Está diseñado para su uso con javascript no intrusivo ofreciendo, en el caso de que su navegador no lo soporte, su correspondiente alternativa no javascript.</p>

<p>La Plattea se ha comprometido a hacer accesibles sus sitios web, de conformidad con el Real Decreto 1112/2018, de 7 de septiembre, sobre accesibilidad de los sitios web y aplicaciones para dispositivos móviles del sector público, por la que se traspone al ordenamiento jurídico español la Directiva (UE) 2016/2102 del Parlamento Europeo y del Consejo.&hellip;&nbsp;<a href="https://laplattea.com/en/politica-de-accesibilidad/" class="" rel="bookmark">Read More &raquo;<span class="screen-reader-text">Política de Accesibilidad</span></a></p>

<!-- This site is optimized with the Yoast SEO Premium plugin v20.9 (Yoast SEO v23.4) - https://yoast.com/wordpress/plugins/seo/ -->
<title>Política de Accesibilidad - La Plattea</title>
<meta name="description" content="Cafetería vintage en Gijón. Déjate cautivar por el encanto de nuestro ambiente retro mientras saboreas exquisitos cafés y deliciosos postres." />
<meta name="robots" content="index, follow, max-snippet:-1, max-image-preview:large, max-video-preview:-1" />
<link rel="canonical" href="https://laplattea.com/en/politica-de-accesibilidad/" />
<meta property="og:locale" content="en_US" />
<meta property="og:type" content="article" />
<meta property="og:title" content="Política de Accesibilidad" />
<meta property="og:description" content="Cafetería vintage en Gijón. Déjate cautivar por el encanto de nuestro ambiente retro mientras saboreas exquisitos cafés y deliciosos postres." />
<meta property="og:url" content="https://laplattea.com/en/politica-de-accesibilidad/" />
<meta property="og:site_name" content="La Plattea" />
<meta name="twitter:card" content="summary_large_image" />
<meta name="twitter:label1" content="Est. reading time" />
	<meta name="twitter:data1" content="3 minutes" />
<script type="application/ld+json" class="yoast-schema-graph">{"@context":"https://schema.org","@graph":[{"@type":"WebPage","@id":"https://laplattea.com/politica-de-accesibilidad/","url":"https://laplattea.com/politica-de-accesibilidad/","name":"Política de Accesibilidad - La Plattea","isPartOf":{"@id":"https://laplattea.com/#website"},"datePublished":"2023-07-31T08:01:31+00:00","dateModified":"2023-07-31T08:01:31+00:00","description":"Cafetería vintage en Gijón. Déjate cautivar por el encanto de nuestro ambiente retro mientras saboreas exquisitos cafés y deliciosos postres.","breadcrumb":{"@id":"https://laplattea.com/politica-de-accesibilidad/#breadcrumb"},"inLanguage":"en-US","potentialAction":[{"@type":"ReadAction","target":["https://laplattea.com/politica-de-accesibilidad/"]}]},{"@type":"BreadcrumbList","@id":"https://laplattea.com/politica-de-accesibilidad/#breadcrumb","itemListElement":[{"@type":"ListItem","position":1,"name":"Portada","item":"https://laplattea.com/"},{"@type":"ListItem","position":2,"name":"Política de Accesibilidad"}]},{"@type":"WebSite","@id":"https://laplattea.com/#website","url":"https://laplattea.com/","name":"La Plattea","description":"Just another WordPress site","potentialAction":[{"@type":"SearchAction","target":{"@type":"EntryPoint","urlTemplate":"https://laplattea.com/?s={search_term_string}"},"query-input":{"@type":"PropertyValueSpecification","valueRequired":true,"valueName":"search_term_string"}}],"inLanguage":"en-US"}]}</script>
<!-- / Yoast SEO Premium plugin. -->

Política de Accesibilidad - La Plattea

Cafetería vintage en Gijón. Déjate cautivar por el encanto de nuestro ambiente retro mientras saboreas exquisitos cafés y deliciosos postres.
